)).
9
Calculate 16 + -17 + -8 - (-22 + -1).
14
What is 6 + 0 + (-12 - -4) + 1 + 1?
0
Calculate (-77 + 62 - (-10 - 0)) + (14 - 2).
7
What is -1 + -4 - (-838 - -838)?
-5
11 + 18 + (18 - 75) + -4 + -2
-34
3 - (2 + (-1 - 2 - -9))
-5
(9 - -37 - 8) + -52
-14
What is 0 - 6 - (-71 + 29 - -60)?
-24
Calculate -1 + 7 + (-1 - 6 - (25 + -29)).
3
Calculate 0 + 6 - (-2 + 26 + (11 - 17)).
-12
Calculate -20 - (2 - 25 - -16).
-13
Calculate 1 + (-448 - -479) + (-1 - 14).
17
Evaluate 4 + 1 + -329 + 311.
-13
What is -2 + 48 + -43 + (-1 - 3 - -1)?
0
What is (2 - (-1 + 4)) + 7 + -9 + -3?
-6
What is the value of (2 - 19) + (15 - 3 - 5) - 3?
-13
What is 1 - 14 - (-51 + (20 - 0))?
18
What is -8 + (15 - 9) + -1 + -2 - -13?
8
Evaluate (-1 - (6 - 1)) + 4 + (19 - 4).
13
What is the value of (-30 - -26) + 4 + (-1 - 3 - -1)?
-3
8 + -1 + (7 - -1 - (-1 - -7))
9
What is 7 + 2 + -15 + -1 + (-2 - 5)?
-14
Evaluate 11 - (-16 - (-9 + 0) - -11).
7
What is the value of -16 - -12 - (74 + -81)?
3
Evaluate 16 - 29 - -7 - 6.
-12
What is the value of -6 - ((10 + 3 - 5) + 14 + -11)?
-17
Calculate 9 + -8 + -9 + (14 - -3 - 0).
9
Evaluate (-11 - (-4 + 8)) + 5.
-10
What is the value of -22 + 58 - 37 - (1 + -9) - 15?
-8
Evaluate (-1 - 0) + (4 - ((-4 - 4) + 25)).
-14
What is the value of -11 + -6 + -9 + 14?
-12
What is the value of (-4 - -1) + -4 + (-68 - -69)?
-6
(112 - 118 - (-5 + -2)) + -6
-5
Calculate -1 + 3 - (63 + -72) - 8.
3
11 - (-6 + 13 + -9 + -1)
14
What is -2 - (1 - (-6 + 1) - 15)?
7
Calculate 11 - (-49 - -58 - (45 + -2) - -8).
37
Calculate 61 + (11 - 8 - 40).
24
What is the value of 2 + 8 + (-9 - (21 - 35))?
15
Calculate 10 + 8 + (-24 - (-21 + 11)).
4
-42 + (-24 + 16 - -22)
-28
What is the value of -1 + -1 + -183 + 170?
-15
What is the value of -12 + (46 - (35 + -18))?
17
20 + 0 + 8 + (-4 - (12 + -3))
15
Evaluate (-3 + 4 - -7) + -41 + 50.
17
Calculate (-19 - -8) + (-21 - (0 - 8)).
-24
What is 5 + (-2 + (4 - 9) - 4) - -13?
7
What is the value of 11 + -11 + 0 + -2 + (-1 - 1)?
-4
Evaluate -6 - (8 + -14 + -2) - -12.
14
Evaluate -201 - -216 - (1 - (-9 + 1)).
6
Evaluate 13 - 4 - (-22 - -57) - (1 + -11).
-16
What is the value of -2 + -18 - (-82 - -49)?
13
Evaluate -15 - (5 + 0 + (10 - -1)).
-31
What is the value of 2 - (5 + 4) - (-2 + -3 - -4)?
-6
Calculate (-53 - -3) + 31 - -14.
-5
What is 86 - 81 - (0 + -5)?
10
27 + (13 - ((-6 - 6) + 27))
25
Evaluate 441 + -420 + 1 + -1 + 3.
24
What is (0 - -21) + -6 + -7 - (0 - -36)?
-28
What is the value of 6 + (1 + 13 - 21)?
-1
What is (-19 - -2) + -151 + 160 + 4?
-4
What is the value of 17 + 3 - (57 - 15)?
-22
-270 + 257 - (-6 + -1) - (2 - -1)
-9
Evaluate (-3 - 0) + (18 + -21 - (3 - 8)).
-1
Calculate 0 + (8 - (7 + -4 - -7 - 2)).
0
What is the value of 18 - (2 + -4 - (62 + -64)) - 0?
18
4 + (4 - (4 + -16)) - (122 + -115)
13
What is the value of 20 + (-3 - 14 - -43 - 19)?
27
-4 + -7 + (18 - 9) + -4 + 9
3
Calculate -10 + 10 + (0 - 1 - -1) + 10.
10
What is 28 + -18 + -2 + -28?
-20
Evaluate (-7 - -16) + -50 + (11 - 1).
-31
Evaluate 24 - (-1 + 56 + -29).
-2
Evaluate -33 + (14 - (-6 + 7 + 3)).
-23
Calculate 2 + 2 - ((13 - 22) + (9 - 2)).
6
Calculate (0 + 0 - 7) + (21 - 8).
6
Calculate (35 - -49 - 46) + -4 + 1.
35
Calculate (-40 - -1) + -2 + 0 + (-444 - -446).
-39
What is -3 - (-12 - 1 - -14)?
-4
What is the value of (-21 - -2) + (-78 - -103)?
6
What is the value of -4 + (4 - ((-5 - -5) + 1))?
-1
Evaluate 16 + (27 - (38 - 22) - (-1 + 19)).
9
Evaluate 16 + -33 + (27 - -1).
11
Calculate (15 - 0) + -12 + 5.
8
What is the value of -12 - -10 - (-2 + -4 + 6)?
-2
-10 + -8 + (-39 - -53)
-4
What is the value of (-17 - -20) + (5 + -2 - (-2 + -3))?
11
Evaluate 13 + (16 - (-11 + 18 + 4)) + 7.
25
(9 - 12) + -3 - (-31 - 6)
31
Evaluate (0 - -17) + -22 - (-5 + 1).
-1
What is (11 - 3) + 4 + -6 + (-1 - 5)?
0
What is -59 - (-9 + -36) - (1 - -17)?
-32
-1 + 4 - (13 + -9) - (-9 - -19)
-11
Evaluate 94 + -89 - (-4 - -23).
-14
Evaluate 4 + (-1 + 6 - 13 - 13).
-17
What is the value of 3 - (-5 - -1) - (75 - 69)?
1
What is -1 + 8 - (589 + -601 + (16 - 0))?
3
What is the value of 14 - (5 + 19 + 5)?
-15
What is 17 + 85 + -108 + (-3 - 17)?
-26
What is (-8 - 2) + (7 + -10 - 8 - -11)?
-10
What is 24 - -1 - 22 - 5?
-2
(562 - 552) + (-1 + 1 - 22)
-12
What is the value of -7 + (10 + -18 - (0 + -6)) + -7?
-16
Evaluate 5 + (1 - (-34 - -19)).
21
What is the value of 3 + (0 - (14 - 5) - (-7 + 0))?
1
Calculate -17 - (-2 - 10) - (-2 + -7).
4
What is the value of -8 + 10 + (-8 - -2)?
-4
What is the value of 33 + -29 - 11 - -42?
35
Evaluate -24 + 48 + (-12 + 0 - -6).
18
What is the value of (8 + -16 - -8) + -6 + 4?
-2
1 + -8 - ((-14 - -18) + 14 + -17)
-8
What is the value of 10 + (-4 - -6) + 61 + -68?
5
What is the value of -40 + 3 + 6 + (-6 - (4 - 2))?
-39
Calculate -9 + (-9 - -32) - 22.
-8
Calculate -5 - (-3 + (-8 - -12) + -2).
-4
-15 - (-29 - (32 + -16))
30
Evaluate 18 + 27 - 32 - 7.
6
Calculate (2 + -2 - -4) + (6 - (-5 - -13)).
2
Evaluate (-2 - -6 - -1) + 3 + 0.
8
What is 15 - (16 - 28 - -18 - 13)?
22
What is the value of -233 + 220 + (18 - -1) - -7?
13
(-19 - ((-1 - 9) + 5)) + 8
-6
Calculate -7 - (-22 + 6) - (-15 - -6).
18
(-5 - (-8 + 6 - (-13 + 0))) + -11
-27
Calculate 14 + (1 + (3 - 1) - (3 + 0)).
14
352 + -354 + (21 - -1)
20
What is the value of (0 - 1) + (-19 - (-2 + (9 - 2)))?
-25
Evaluate 0 - (6 + -1 + -5 + (17 - 11)).
-6
What is the value of -6 + -16 + 1 + 33 + -45?
-33
Evaluate 290 + -270 - (-1 - 2) - 4.
19
Calculate 0 + 15 + (107 - 128).
-6
What is the value of (51 - 30) + (-14 - -1)?
8
Calculate -15 - (-19 - (0 + 11 + -12)).
3
Calculate 2 + (0 + (-2 - -7) - (118 + -101)).
-10
What is -3 + (2 + 0 + -1 + 3 - 1)?
0
Calculate 1 + 12 + 2 + -6.
9
1 - 2 - (-8 - 20) - (-51 - -49)
29
25 + -14 + -4 + (-9 - -22)
20
Evaluate (43 - -32) + -75 - (-2 - 1 - 0).
3
-45 + 45 - (-7 + 5) - 13
-11
-56 - -21 - -35 - 16
-16
Evaluate -17 + 0 - -13 - (-10 + -2).
8
-28 + (0 - -38) - (8 + -2)
4
(15 - 15) + (-30 - -53)
23
What is the value of 5 + -35 + 6 - (1 + (2 - -8))?
-35
20 + -2 - 0 - (144 - 142)
16
What is 5 - -2 - (0 + (-4 - -16) + 13)?
-18
What is (-26 - -9 - (-1 + -8)) + 3 + 0?
-5
Calculate -29 + (8 - 2) + 2.
-21
What is the value of 17 - 0 - (-485 + 509)?
-7
What is (-2 + 11 - (-14 + 15)) + (6 - -5)?
19
What is -40 - (-23 + -2) - -12?
-3
Evaluate 2 - 5 - (76 + -77 + -1 + -11).
10
What is the value of -321 + 307 + (34 - 1)?
19
(11 - (8 - -4)) + -10
-11
Evaluate -121 - -190 - (4 + 29).
36
What is -192 + 178 + (-2 + 5 + -6 - -1)?
-16
Evaluate -54 - (-156 + 88) - (1 - 0 - -6).
7
(9 - 7) + 5 + (7 - 33)
-19
Calculate 100 + -127 - (-7 - 5).
-15
-6 - (5 + 5) - -18
2
What is the value of 43 - 56 - (-3 - (-6 + 23))?
7
Evaluate (171 - 171) + 0 + 1 + -6.
-5
What is the value of -6 - -5 - (103 - 80)?
-24
Evaluate (-18 + 3 + 3 - -8) + -25.
-29
What is the value of 2 - (-8 + 9 + 0 + -4)?
5
Calculate -13 + -14 + 26 + 7 + -1 + -6.
-1
Calculate 16 - ((-4 + 5 - 6) + (12 - 4)).
13
Calculate -4 + -8 + 0 - 0 - -4.
-8
What is (7 - (5 + -5)) + 2 + -21?
-12
Evaluate 5 + 2 - -5 - (-5 - -3).
14
Calculate (12 - (4 + -27)) + -14.
21
What is the value of -25 + -1 + (3 - 0 - (156 + -156))?
-23
(-23 + 4 - -22) + 15 + 0 + 1
19
What is the value of (4 - 12 - -12) + (0 - -3) + -14?
-7
What is the value of 5 + -19 - (-17 - -16)?
-13
Evaluate (-12 - 16 - -40) + 7.
19
Calculate -1355 + 1369 + (-6 - (-2 - (-1 - 0))).
9
Calculate -79 + 123 - (-8 + 28).
24
What is (-6 - 1) + -27 + 34?
0
What is the value of -44 - (-29 + (-3 - 12))?
0
Evaluate (-1 - 16) + (1 - (8 + -23)) + -8.
-9
(11 - (0 - -9)) + 26 - 10
18
Calculate 5 + 14 + (-17 - -23) - 7.
18
What is the value of -1 - -13 - (-59 - -40 - -28)?
3
Calculate 6 - 13 - (10 + -18 - 5).
6
23 - (-3 - -11 - -18)
-3
Evaluate 34 + (0 - -2) + 45 + 0 + -52.
29
31 + (1 + -3 - (-37 + 30)) + -13
23
What is (-3 - 13) + 6 - -1?
-9
Calculate 4 + -2 - (-83 - -70).
15
(-31 - -11) + 11 - -25
16
What is (-18 - (-30 + 3)) + -2?
7
-25 - (5 + 0) - 0 - (-86 + 85)
-29
What is the value of -2 - (6 + (16 - (7 + 2 + -3)))?
-18
What is the value of 14 + (-9 - (-22 + 8)) + -10?
9
-6 + 2 + (9 - 0) + (17 - 23)
-1
What is the value of 0 - (-92 + 96 - (1 - -10))?
7
7 + (0 + -4 - (-57 - -55))
5
Evaluate 15 + 10 + -19 + 4 + 0 + -11.
-1
Calculate 1 - 2 - (26 + -101 + 44).
30
What is the value of (0 - 1) + -2 + -39 + 0 + 31?
-11
E